or of i and 65.
13
Let h(i) = -2*i - 9. Let a be h(-6). Suppose 12 = -a*s + 111. Calculate the highest common divisor of 11 and s.
11
Let q = -99 - -110. Let h = -2 - -3. What is the greatest common divisor of q and h?
1
Let i = -16 - -28. What is the highest common factor of 132 and i?
12
Let n(g) = -5*g - 5*g**2 + 5*g + 4*g**2 + 7*g + 1. Let x be n(5). Calculate the highest common divisor of 1 and x.
1
Suppose 0 = 5*t - 25, -3*y - 2*t + 133 = 3*t. Let h be (-2)/3 - 74/(-3). What is the highest common factor of h and y?
12
Let i = 6 + -3. Suppose i*k - 6 = -0. Let v = 6 + k. Calculate the highest common factor of v and 8.
8
Let v(f) = -f**2 + 2*f + 2. Let d be v(-8). Let p be d*(6/9)/(-1). Let j(z) = 2*z**2 - 3*z + 4. Let m be j(3). What is the highest common divisor of m and p?
13
Suppose -4*o = 5*c - 14 - 138, -4 = c. What is the highest common divisor of 344 and o?
43
Let b(a) = -a**3 + 8*a**2 + a + 3. Let o be b(8). What is the highest common factor of o and 11?
11
Let v(g) = g**2 + 6*g - 12. Let b be v(-9). Let m = 267 + -147. Calculate the greatest common divisor of m and b.
15
Let g = -205 - -295. Calculate the highest common divisor of g and 18.
18
Let r be (4 + (-39)/9)/((-2)/6). What is the greatest common factor of 8 and r?
1
Let a be 1 - -2*(-1)/(-2). Let h = 5 + a. Calculate the greatest common factor of 28 and h.
7
Let x(t) = -1 - t**2 + 5*t**2 - 2*t + 0*t**2. Let j be x(-2). Suppose 426 + 182 = 4*m. What is the greatest common divisor of j and m?
19
Let d(x) = -6*x**3 - x**2 - 3*x - 2. Let w be d(-1). Suppose 3*l + 0*l = 36. Calculate the highest common factor of l and w.
6
Suppose -8*q + 5*z = -3*q, -5*q = 3*z - 40. Suppose 2*j - 122 = -4*o, -o + 3*j - 33 = -2*o. Calculate the highest common divisor of o and q.
5
Let h = 144 - 107. What is the highest common factor of h and 37?
37
Let x be (-5)/(-10)*(5 + -1). Suppose 5*c + 2 = x*s, -c + 1 = s - 0. What is the highest common divisor of 5 and s?
1
Let i(l) = -l**3 + 7*l**2 - l - 3. Let j be 6 - (1 - (0 + 2)). Let k be (-74)/(-14) + (-2)/j. Let a be i(k). Calculate the greatest common factor of a and 6.
6
Suppose -6 + 0 = -3*i. Let k = 5 - i. Suppose -k*b = -5*m + 197, -3*m + b + 104 + 15 = 0. What is the greatest common factor of m and 5?
5
Suppose 14 = x - 9. Calculate the greatest common divisor of 46 and x.
23
Suppose 608 + 18 = -2*u. Let f = -213 - u. Calculate the highest common divisor of f and 20.
20
Suppose -o - 3*h + 0*h = 3, -4*h + 3 = -o. Let y = o + 4. Let n(u) = u - 1. Let r be n(2). Calculate the highest common factor of y and r.
1
Let v = 101 - 89. Calculate the greatest common factor of 20 and v.
4
Let d = -2 + 44. Let v be (-12)/d + 298/14. What is the highest common factor of 210 and v?
21
Suppose -13 = -2*b - 1. Let o(s) = -s**3 + 5*s**2 + 9*s - 4. Let v be o(b). Calculate the highest common factor of v and 35.
7
Suppose -30*x = 24*x - 864. Let r be 2*(-3)/(-2)*-3. Let t = r + 89. What is the highest common factor of x and t?
16
Let g = -53 + 58. Calculate the highest common divisor of 2 and g.
1
Let k = 28 - 17. Calculate the greatest common factor of k and 1.
1
Suppose 0 = 76*z - 83*z + 182. Let m(f) = 38*f**3 + 1. Let o be m(1). What is the greatest common factor of z and o?
13
Suppose -240 = -3*w - 2*w. Suppose 3*v - 2*v - 3 = 3*i, 5*v - 4*i = w. What is the highest common factor of 3 and v?
3
Suppose -230 = -5*z - 5*c, 0*c + 1 = c. Let x be 480/(-56)*(-7)/2. Calculate the greatest common divisor of z and x.
15
Let c(y) = y**3 + 12*y**2 + 15*y + 22. Let t be c(-9). What is the greatest common divisor of 10 and t?
10
Let a = 12 + 18. What is the greatest common factor of a and 45?
15
Let g(k) = 3*k**3 - 3*k**2 - k. Let o be g(3). Suppose -3*p = -p - 34. What is the greatest common factor of o and p?
17
Suppose 0 = -4*g - 3*v + 520, g - 5*v - 153 = -0*v. Calculate the highest common factor of 19 and g.
19
Let g = 87 - 6. What is the greatest common factor of g and 3?
3
Suppose 0 = -o + 4, 2*p = 4*o + 5 + 3. Suppose 4 = -k + p. What is the highest common factor of k and 56?
8
Suppose -x - 2*n + 35 = 0, -5*x + 3*n = -0*n - 240. What is the highest common factor of 15 and x?
15
Let o(k) = -k**3 + 25*k**2 - 23*k - 15. Let b be o(24). What is the highest common factor of b and 81?
9
Suppose 5*c - 17 = 33. Suppose -4*s = s - 125. What is the greatest common divisor of s and c?
5
Let n(z) = -7 + 3 - 4*z + 0*z. Let g be n(-6). Let t(k) = -k**3 - 4*k**2 + 4*k + 5. Let c be t(-5). Calculate the highest common factor of c and g.
10
Let r = 99 + -44. What is the greatest common divisor of 5 and r?
5
Let u = 130 - -5. Calculate the highest common factor of u and 15.
15
Let m = 7 - 5. Suppose -5*g = -m*g - 27. Suppose k - 3*k = -36. Calculate the greatest common factor of k and g.
9
Let o be 5/(-1*((-114)/28 + 4)). What is the greatest common divisor of o and 28?
14
Suppose 3*r + 31 - 187 = 0. Calculate the greatest common factor of 52 and r.
52
Suppose 0*o - 36 = 3*o. Let w be o/42 - (-464)/7. Suppose 2*y + y + 18 = 2*r, -5*r + 22 = 4*y. Calculate the highest common divisor of w and r.
6
Suppose -7 = 4*w + 1. Let d be -1 + w + 6 + 67. Calculate the greatest common divisor of d and 10.
10
Let a be (1 - 0)/(3/231). Suppose 0 = -3*l + 7*u - 2*u + 46, -3*l + 3*u = -36. What is the highest common factor of a and l?
7
Suppose -13*t - 10 = -361. What is the highest common divisor of t and 135?
27
Suppose 9*t - 8*t = 33. What is the greatest common divisor of 165 and t?
33
Let n(m) = -m. Let s be n(-5). Let b = 24 - 2. Let u = b + -17. Calculate the greatest common factor of s and u.
5
Let l be 132/55*(-20)/(-6). What is the greatest common divisor of 20 and l?
4
Suppose -5*c + 260 = -3*y, -y - 2*c = c + 110. Let b = 81 - y. What is the greatest common divisor of b and 16?
16
Let x(f) = -7*f - 4. Let y(h) = 3*h + 2. Let r(l) = -4*x(l) - 9*y(l). Let c be r(6). Calculate the greatest common factor of c and 32.
4
Let c be (-4)/(-12) + -2 + (-778)/(-6). Calculate the highest common factor of 16 and c.
16
Suppose 0 = l + 3*m + 175, 2*l + 180 = l - 4*m. Let d be l/(-16)*(1 + 0). Let i be ((-4)/6)/(2/(-3)). What is the greatest common factor of d and i?
1
Let g = 37 - -27. Calculate the greatest common factor of g and 16.
16
Let k be (-19)/(-4) + (-2)/(-8). Let z(f) = -f - 3. Let c be z(-3). Suppose c = 2*q + q - 75. What is the greatest common divisor of q and k?
5
Let l = 36 + -26. What is the greatest common divisor of l and 40?
10
Suppose 0 = 3*t - 5*t - 6. Let l be (0 - 1)/(t/(-357)). Let x = -85 - l. What is the highest common divisor of x and 51?
17
Let u be 317/9 - (-4)/(-18). Let d be 4473/u - (-1)/5. Calculate the highest common divisor of d and 16.
16
Let k be 3 - 9/(36/8). Let z = 1 + 1. Calculate the greatest common factor of k and z.
1
Let r = 27 + -15. What is the greatest common divisor of r and 24?
12
Suppose 47 - 13 = 2*a. What is the highest common divisor of 221 and a?
17
Let g be -1 + 2/(-2) + 4. Suppose -g*q - q = -60. What is the greatest common divisor of q and 160?
20
Suppose 5 = -0*u + 5*u. Let g = 7 - u. Suppose 0 = 5*l - 2*l - 27. Calculate the greatest common divisor of l and g.
3
Let t(h) = 2*h - 6. Let i be t(4). Let z = 11 + -8. Suppose a + i*y = 4, -5*a + y = -z*y - 20. Calculate the greatest common divisor of a and 4.
4
Suppose -11*m - 433 = -1819. Calculate the highest common divisor of m and 18.
18
Let p be 2/(-7) + (-928)/(-14). Suppose -g - 2*g + p = 0. What is the highest common factor of 55 and g?
11
Suppose -5*s - 17 = y, -1 = 3*y - s + 6*s. Suppose 0 = 3*w + 3*x - 282, -5*w - 3*x + 510 = -y*x. What is the highest common factor of 14 and w?
14
Let f = 381 - 357. Let w(p) = -2*p**3 - 3*p**2 - p + 2. Let g be w(-2). Calculate the highest common divisor of f and g.
8
Let v be (2 - (-1 - -8))/(-1). Suppose -v*l - n + 59 = 0, 2*l - 2*n - 10 = n. Calculate the highest common divisor of l and 22.
11
Let y = 10 - -10. Let c be ((-8)/(-12))/((-2)/(-300)). Calculate the highest common factor of c and y.
20
Let y = 17 + 1. Calculate the highest common factor of y and 54.
18
Let b = 88 + -27. Let u = b - 43. What is the highest common divisor of u and 9?
9
Let q be 10/5*6/4. Suppose -5*l + 5*n = 5, 3*l - 1 = -q*n + 20. Calculate the highest common fac